2747651 a prime number?
True
Is 932831987 a composite number?
True
Is 164546909 a composite number?
True
Is 223578287 a composite number?
False
Is 1768312451 a prime number?
True
Is 25829760059 composite?
False
Is 255790229 composite?
True
Is 13390709513 prime?
True
Is 179433323 composite?
True
Is 944337773 prime?
True
Is 946417921 prime?
True
Is 1407620597 prime?
False
Is 4128176263 composite?
False
Is 27968182657 composite?
True
Is 499266887 prime?
False
Is 33289687913 prime?
True
Is 2086863869 a composite number?
False
Is 2062284721 prime?
False
Is 23627238694 a prime number?
False
Is 1781129137 prime?
True
Is 48432991 prime?
False
Is 709327061 composite?
True
Is 2147541547 composite?
False
Is 331610117 a composite number?
True
Is 11547748633 composite?
False
Is 93626970253 a composite number?
True
Is 59153819507 a prime number?
True
Is 1011515455 a composite number?
True
Is 58052317 composite?
False
Is 204670097 a prime number?
False
Is 44062847 prime?
True
Is 26098577209 prime?
False
Is 14048582341 a prime number?
True
Is 933009659 a composite number?
False
Is 4910618491 a composite number?
False
Is 7103391121 prime?
False
Is 19856118889 a prime number?
True
Is 6225936209 a composite number?
True
Is 11906012927 prime?
True
Is 26853377 composite?
False
Is 1869337109 prime?
False
Is 451650623 prime?
False
Is 5654292613 a composite number?
True
Is 33257431271 a composite number?
True
Is 20608348533 a composite number?
True
Is 5075496197 a composite number?
False
Is 2380391401 a prime number?
True
Is 3740582423 prime?
False
Is 5088584233 a composite number?
False
Is 1165375177 a prime number?
False
Is 27426849773 a prime number?
True
Is 10913332853 a composite number?
False
Is 10576858309 prime?
True
Is 5174612369 a prime number?
True
Is 63213577391 a prime number?
False
Is 5080023833 prime?
True
Is 198354259 a prime number?
False
Is 9268168691 a prime number?
True
Is 782011541 a prime number?
True
Is 277613951 a composite number?
False
Is 2763007313 prime?
False
Is 91524436007 a prime number?
True
Is 24048014533 a composite number?
False
Is 1628271919 prime?
True
Is 5460699437 prime?
True
Is 3582777347 prime?
True
Is 666458027 prime?
False
Is 20580641843 composite?
False
Is 3008364313 a prime number?
True
Is 4541203679 a composite number?
False
Is 1956099433 a composite number?
False
Is 3496150409 composite?
False
Is 4563086767 a composite number?
True
Is 5967072821 composite?
False
Is 51076645 prime?
False
Is 7355760487 a composite number?
False
Is 49302913823 a composite number?
False
Is 658073074 prime?
False
Is 10753766519 a composite number?
False
Is 16546995941 a composite number?
True
Is 13988960879 a composite number?
False
Is 1105162423 prime?
False
Is 150640837 a prime number?
False
Is 951362773 composite?
True
Is 40222387 composite?
False
Is 2383787737 composite?
True
Is 65705537 a composite number?
False
Is 25740509351 composite?
False
Is 3436186483 a composite number?
False
Is 2807247931 composite?
False
Is 10433031254 a composite number?
True
Is 4279215277 prime?
False
Is 157486816597 prime?
False
Is 349649273 composite?
True
Is 86392511 a prime number?
True
Is 10877126215 composite?
True
Is 28690953331 composite?
False
Is 13003978531 a prime number?
False
Is 4385090429 a prime number?
True
Is 48894149 a composite number?
False
Is 7757407787 prime?
True
Is 726390199 prime?
False
Is 2583065521 prime?
False
Is 57215849 composite?
False
Is 749545357 composite?
True
Is 694205977 a composite number?
True
Is 149860216931 a composite number?
False
Is 2168110367 prime?
True
Is 78475789963 prime?
False
Is 2124297943 a composite number?
False
Is 1377091817 composite?
True
Is 5095456979 a prime number?
False
Is 38179978061 prime?
False
Is 129945811 a prime number?
False
Is 117651349789 a composite number?
False
Is 7740915511 composite?
True
Is 2350387567 a prime number?
False
Is 17093743 prime?
False
Is 19757890057 composite?
True
Is 9256030159 prime?
True
Is 5479693169 a composite number?
True
Is 378016631 composite?
True
Is 16165484693 composite?
True
Is 674567567 a composite number?
True
Is 70002131 a composite number?
False
Is 12800750987 a prime number?
True
Is 1210394261 prime?
True
Is 43610358905 a composite number?
True
Is 200300257 a composite number?
False
Is 148347002203 a prime number?
False
Is 16570390973 a prime number?
True
Is 3414642977 a composite number?
True
Is 539181366058 a composite number?
True
Is 18330675611 a prime number?
False
Is 1531533481 a prime number?
True
Is 7245552163 a prime number?
False
Is 207112193 prime?
True
Is 1749680221 a prime number?
False
Is 268685789 a composite number?
False
Is 467338829 prime?
True
Is 1270295093 composite?
False
Is 15142188613 composite?
True
Is 3005876143 a composite number?
False
Is 5276935891 a composite number?
False
Is 100306139 prime?
True
Is 23646919583 a composite number?
True
Is 358917901 a prime number?
True
Is 1864986113 prime?
True
Is 555745019 composite?
False
Is 43675029311 composite?
False
Is 1023326657 composite?
False
Is 3085357573 a composite number?
True
Is 450797107 a prime number?
False
Is 64305363665 a composite number?
True
Is 345172823 composite?
False
Is 30326629897 a prime number?
False
Is 13668262757 a composite number?
False
Is 2198479271 a composite number?
False
Is 4679192251 a prime number?
False
Is 18651281953 prime?
True
Is 2621993911 a composite number?
True
Is 9603465133 a prime number?
False
Is 223419937 a composite number?
True
Is 20324861287 composite?
False
Is 981957035 a composite number?
True
Is 303108647 a prime number?
True
Is 203299491 a prime number?
False
Is 77273986667 prime?
True
Is 15665030239 prime?
False
Is 26414431 composite?
False
Is 200958223 prime?
False
Is 194125919 prime?
False
Is 701162801 a prime number?
True
Is 89159459737 composite?
False
Is 530943715 composite?
True
Is 739102963 a composite number?
True
Is 732812573 prime?
True
Is 39483366827 prime?
False
Is 31244941781 prime?
True
Is 5411809999 prime?
True
Is 9145085981 a composite number?
False
Is 556392091 a composite number?
False
Is 601888993 a prime number?
True
Is 433513387 a composite number?
True
Is 205701472597 a composite number?
False
Is 615339079 a prime number?
False
Is 127042973 a prime number?
False
Is 2730436783 a prime number?
True
Is 246723089 a composite number?
True
Is 204945863243 prime?
False
Is 261939176219 a prime number?
False
Is 29783182673 a prime number?
True
Is 8829424103 composite?
False
Is 1773429379 prime?
True
Is 44800121 a prime number?
False
Is 7136047987 prime?
False
Is 11505063991 composite?
True
Is 162481043 a prime number?
False
Is 3019489441 composite?
False
Is 648531595 a composite number?
True
Is 118087363 composite?
False
Is 1760824303 a prime number?
False
Is 402505781 prime?
True
Is 71775503287 a prime number?
False
Is 2540288137 prime?
True
Is 3597405433 a composite number?
True
Is 1645156133 a composite number?
True
Is 20753013803 a composite number?
True
Is 725113673 a composite number?
False
Is 16305629141 composite?
True
Is 12610205261 composite?
False
Is 131658015187 a prime number?
True
Is 1988356597 a prime number?
True
Is 2799454591 a composite number?
True
Is 25522473203 prime?
True
Is 48106460249 prime?
True
Is 20180335085 composite?
True
Is 924062677 a prime number?
True
Is 604072669 a composite number?
True
Is 23549568271 composite?
False
Is 14713628749 composite?
False
Is 12661125073 prime?
True
Is 770246519 a composite number?
True
Is 3895016683 composite?
False
Is 65136107 a prime number?
True
Is 14573036963 composite?
True
Is 584515027 a prime number?
False
Is 3640360363 composite?
False
Is 588919433 a prime number?
True
Is 50031557 a prime number?
True
Is 44960714347 a prime number?
True
Is 39601183 composite?
False
Is 4917456913 a composite number?
True
Is 42918278639 a composite number?
False
Is 6352312853 composite?
False
Is 364646267 a prime number?
True
Is 545263097 composite?
False
Is 1936656049 a prime number?
True
Is 25790223691 a prime number?
True
Is 8607898666 a composite number?
True
Is 57460033661 a prime number?
True
Is 3939720341 a composite number?
True
Is 275342629 a composite number?
True
Is 122940793 a composite number?
False
Is 98064185729 a composite number?
True
Is 111358622